**4/4 + 2*c**3/3 - c**2 + 21*c. What is d(q)?
-6
Let f(g) be the first derivative of -3*g**2/2 + g - 527. Suppose m + 3*p = 10, 5*p - 10 - 5 = 0. Give f(m).
-2
Let p(q) = -q**3 + 11*q**2 + 10*q + 14. Suppose 8*a - 81 - 15 = 0. What is p(a)?
-10
Let c(t) = t**2 - 6*t + 6. Let k be 3 + (-69)/(0 - -3). Let v = 24 + k. Give c(v).
-2
Let z(i) = -12*i**2 - 8*i - 14*i**2 + 13*i**2 - 1 + 12*i**2. Give z(-7).
6
Let y(j) = j**2 + 17*j - 35. Let k be y(-19). Let w(f) = -3*f**3 + f**3 + f + 2 - 3*f**2 + f**k. What is w(-3)?
-1
Let u(l) = -11*l**2 - 2*l + 3. Let c(z) = -12*z + 2 + 11*z + 0*z**2 - 5*z**2 - z**2. Let d(k) = -5*c(k) + 3*u(k). What is d(-1)?
-3
Let n(y) = y**2 + 17*y - 16. Let o be n(-18). Let s = o - -5. Let r(f) = 2*f**2 + 4*f + 8. Let q(w) = w**2 - w + 1. Let a(h) = -3*q(h) + r(h). Give a(s).
5
Let m = -1022 + 1023. Let g(q) = 1 - 2 + 0. Let o(s) = -s**2 - 2*s + 4. Let r(a) = m*o(a) + 2*g(a). Give r(-3).
-1
Let t be 4*((-60)/(-16) + -3). Suppose p + 2*k - 15 = -3, t*p = -4*k + 26. Let o(z) = -z**3 - 3*z**p - 4 - 4*z - 2 + 7 - 4. Give o(-2).
1
Let k be (-27)/63 - 18/7. Let i(u) = 2*u + 3. Calculate i(k).
-3
Suppose -2 + 6 = 2*m. Let l(j) = -3*j**3 + 5*j**2 + 8*j - 3. Let q(p) = 4*p**3 - 6*p**2 - 9*p + 3. Let x(h) = m*q(h) + 3*l(h). What is x(4)?
5
Suppose 50*f - 10*f - 200 = 0. Let l(b) = 2*b - 12. Calculate l(f).
-2
Let q(y) be the third derivative of y**4/24 + 4*y**3/3 + y**2. Let z be (5 - 5) + 1 + 1. Suppose -5*n + z = 5*m - 8, n + 8 = 4*m. Calculate q(n).
8
Let v(f) = -2*f**3 + 7*f**2 + 12*f - 47. Let y be v(3). Let l(m) be the second derivative of -2*m**3/3 + m**2/2 - 6*m. Calculate l(y).
9
Let t(j) = -9*j - 9 - 4 + 3 + 0. Let p(c) = 5*c + 6. Let f(g) = 7*p(g) + 4*t(g). Determine f(-6).
8
Let i(n) = 0 - 3*n + 955*n**3 - 956*n**3 + 0 - 5*n**2. Determine i(-4).
-4
Let q(b) = b**3 - 6 + 8*b**2 - 44*b + 145*b - 51*b - 44*b. Let x = 17 - 24. Determine q(x).
1
Let c(k) be the third derivative of -7*k**6/60 - k**4/12 + k**3/6 + 9*k**2. Determine c(1).
-15
Let y(a) be the first derivative of -1/4*a**4 + 1/3*a**3 - 9 + a + 1/2*a**2. Give y(2).
-1
Let w(j) = 2*j**2 - 5*j + 2. Suppose 11 = -6*g - 7. Let n be 4 + (-3)/(-9)*g. Determine w(n).
5
Suppose 3 = 5*o - 22. Let h = 6 - o. Let v(z) = -4*z**2 + 161 - 80 - 82. Calculate v(h).
-5
Let f(r) = r**2 - 8*r + 1. Let k(j) = 6*j**2 + 34*j + 33. Let p be k(-1). What is f(p)?
-14
Let b(u) = u**3 + 23*u**2 + 21*u - 15. Let l be (-185)/259 - (-298)/(-14). Determine b(l).
7
Let h(w) = 2*w**2 - 5*w + 4. Let t(d) = d. Let n(i) = 8*i - 19. Let z(o) = n(o) - 6*t(o). Let q be z(12). Suppose -k = q*k - 18. Give h(k).
7
Let c(b) = b**3 - 2*b**2 - 3*b - 2. Suppose -5*r + 0*o + o = -18, -6 = -5*r - 3*o. Suppose -x - 9 = d - r*d, x = -3. Calculate c(d).
-2
Let a(v) = -21*v + 43. Let l(h) = -10*h + 19. Let f(b) = -3*a(b) + 7*l(b). Calculate f(4).
-24
Let l(n) be the first derivative of 2*n**3/3 - 9*n - 495. Determine l(2).
-1
Let t = 58 + -7. Let w(o) = -26*o**3 + 1 + 2*o + 3*o**2 + t*o**3 - 24*o**3. Calculate w(-3).
-5
Let i(l) = 2*l**3 + 8*l**2 + 2*l + 8. Let f(r) = -r**2 + 55*r - 160. Let t be f(52). Calculate i(t).
0
Let z(s) be the second derivative of -5*s**4/8 - s**3/6 - 3*s**2/2 + s. Let l(a) be the first derivative of z(a). Let n be 1 + -5 - (-12)/4. Give l(n).
14
Let i(g) = g**2 - g - 4. Let j = 336 - 339. Calculate i(j).
8
Let v(t) = 7*t + 56 + 0*t - t**2 - 55 - 6*t. Calculate v(6).
-29
Let i = 10 - 15. Let p(l) be the first derivative of -2*l**3/3 - 7*l**2/2 - l + 6. What is p(i)?
-16
Let r(b) = b**3 + 6*b**2 + b + 2. Suppose -2*h = -6*h + 16. Suppose -4*i + h*s = 36, 0 = 5*i + s + 2*s + 69. Let c be (4/5)/(i/90). Give r(c).
-4
Let x(v) = 7*v + 10. Let n(r) = 2*r - 5. Let w(s) = s - 5. Let i(q) = -4*n(q) + 5*w(q). Let t(u) = 9*i(u) + 4*x(u). Suppose -13 = -5*y + 12. What is t(y)?
0
Let t(w) = 7*w**3 - 2*w**2 + 4*w + 4. Let d(u) = 8*u**3 - 2*u**2 + 5*u + 5. Let r(x) = -5*d(x) + 6*t(x). Let q be 4/(-2) - 0 - -4. Give r(q).
5
Let p(v) be the third derivative of v**5/60 - 3*v**4/8 + 5*v**3/6 - 5*v**2. Suppose 37 = -13*f + 115. Give p(f).
-13
Let u be (-1 + 20)/(13/13). Let i = u - 17. Let q(t) = 2*t**2 - t + 1. What is q(i)?
7
Let m(o) = -2*o + 11. Let u = 60 - 29. Suppose 7*q - 25 = u. What is m(q)?
-5
Let i(v) be the second derivative of -v**3/6 - 3*v**2 + 2*v. Let o(y) = y**3 - 18*y**2 - y + 14. Let j be o(18). What is i(j)?
-2
Let z(v) = -2*v + 6. Suppose -2*a + 4*r = 0, 4*a - 3 = -4*r + 9. Let j be 9 + (0/3)/a. Suppose -5*y - 4*h = -0*h - 50, j = 4*y - 3*h. Calculate z(y).
-6
Let g(i) = i + 9. Let a be g(-10). Let n(x) be the third derivative of x**6/120 + x**5/30 - x**3/6 + 12*x**2 + 7. Determine n(a).
0
Let i(w) = -w**3 + 3*w**2 + w + 4. Let n = -39 + 38. Let b be 4/(-6) - n/(6/28). Calculate i(b).
-8
Let f(v) = v**3 + 4*v**2 - 10*v - 12. Suppose -4*j + m + 12 - 34 = 0, -5*j - 29 = -2*m. Give f(j).
13
Let t be ((-3)/5)/((-10)/50). Suppose h - 8 = -t*h. Let u(c) = -7*c + 1. Calculate u(h).
-13
Let f(u) = -18*u**2 + 2*u - 6 + 6*u + 17*u**2. What is f(6)?
6
Let i = 2 + -3. Let j(r) = -r**3 - 266*r**2 + 267*r**2 + 2*r**3 + 0*r**3. Let z(y) = -5*y**3 - 9*y**2 + y + 2. Let m(q) = i*z(q) - 6*j(q). Determine m(2).
0
Let m = 595 - 601. Let s(n) = -n**3 - 4*n**2 + 10*n + 1. Calculate s(m).
13
Let p(r) = -r**2 + 5*r + 4. Let d(f) = 5*f + 21. Let v be d(-3). Determine p(v).
-2
Suppose 14*k = -29*k - 37*k + 560. Let u(o) = -6 + 2*o**2 + 2*o**2 - 3*o**2 - 6*o. Calculate u(k).
1
Let f(c) = 7*c**2 - 2*c + 5. Let y(w) = 20*w**2 - 6*w + 14. Let m be (-4*(-4)/24)/(4/102). Let u(t) = m*f(t) - 6*y(t). Calculate u(3).
-2
Let i = 13 - -3. Let w = i - 13. Let m(y) = -3*y**2 + 9*y**2 + 8 - 4*y**3 - 2*y + 3*y**w. What is m(6)?
-4
Let f = -1319 + 1338. Let w(i) = -i**2 + 21*i - 44. Give w(f).
-6
Let q(k) = -9. Let t(j) = -3*j + 28. Let h(m) = 7*q(m) + 2*t(m). What is h(-2)?
5
Let r(m) = m. Let q be (-2)/(-5) + (-12)/(-20). Let a(v) = 7*v**2 - 4*v + 2. Let z be a(q). Give r(z).
5
Let z(l) = 11*l**3 - 12*l**3 + 34*l - 13*l**2 - 46*l + 4. What is z(-12)?
4
Suppose 5*z - 5*p + 30 = 0, 2 = 4*z + 3*p - 2. Suppose -3 = -19*i + 18*i. Let k(n) = n - n**i + 2 - n**2 - 1 - n**2. What is k(z)?
-1
Let o(g) = g**3 + 5*g**2 + 2*g + 2. Let j be o(-3). Let i(z) = j*z**2 + 2 - 15*z**2 - 84*z**3 + 85*z**3. Give i(0).
2
Let k be (-14 - 0)*4/(-8). Let g(m) = -4*m**2 + m**3 - 2 + 8*m + 5 - k*m - 1. Give g(4).
6
Suppose w = -4*w + 70. Suppose -w = 2*l + 2*q, 3*l + 0*q - 3*q + 3 = 0. Let k(i) be the third derivative of -i**5/60 - i**4/6 + 6*i**2. Give k(l).
0
Suppose 3*t = 8*t. Let q(x) be the second derivative of -x**4/12 - x**2 - 3*x. Calculate q(t).
-2
Let d(b) = 11*b + 4 - 6*b**2 + 20*b - 2 - 7*b**2 - 32*b. Determine d(-2).
-48
Let q(m) be the first derivative of m**3/3 - 3*m**2/2 + 3*m + 4. Let o be (-16)/4*(-2)/4. What is q(o)?
1
Suppose 215 = 71*g + 73. Let u(q) be the second derivative of 3/2*q**2 + 0 + g*q + 1/6*q**3. Determine u(-6).
-3
Let f(g) = 16*g**3 - 2*g**2 + g. Suppose 4*c + 4 = 8*c. Determine f(c).
15
Let q(w) = 2*w**2 - 3*w + 3. Let n be 9/6*16/12. What is q(n)?
5
Let l(y) = y + 2. Suppose 0 = -100*v + 107*v - 49. Give l(v).
9
Let b = 131 + -126. Let w(a) = 5*a - 14. Calculate w(b).
11
Let x = -15 - -24. Let m(t) = -t**2 + 7*t + 11. Determine m(x).
-7
Let j(s) be the first derivative of s**3 + 2*s - 1/2*s**4 - 36 - 1/2*s**2. Give j(2).
-4
Let n(x) = -x**2 + 7*x + 6. Suppose 4*f = -5*a + 53, -10*f + 13*f - 2*a - 11 = 0. Determine n(f).
6
Let x(u) = -3*u**2 + 3*u**3 - 2*u**3 + 0 + 2. Suppose 4*g + 0*g = 0. Suppose 2*z - 4*w = -2 + 14, -5*z - 2*w + 6 = g. Give x(z).
-2
Let j(k) = k + 1. Let o = 5 - 7. Let n be -1 - (-2 - (2 + o)). Suppose -p = -5 - n. Calculate j(p).
7
Let q(h) = h - 30. Let r(p) = -p**3 - 8*p**2 - 14*p + 5. Let a be r(-6). Give q(a).
-13
Let j(a) = -a**2 + a + 5. Suppose 5*p = 3*w + 42 + 61, 0 = 3*w + 3. Let s = p - 16. Calculate j(s).
-7
Let n(z) = -35*z + 135. Let b be n(4). Let t(a) = -a**2 - 6*a - 1. Determine t(b).
4
Let w(t) be the first derivative of t**6/360 + t**5/15 - 9*t**3 - 34. Let f(l) be the third derivative of w(l). Determine f(-6).
-12
Let f(r) = 2*r**2 + 8*r - 5. Suppose 9*t = 3*t + 12. Suppose -t*h - 14 = -2. What is f(h)?
19
Let l be 8/(-14)*(-14)/4. Suppose q = 3*m - m + 5, 0 = -2*m - l*q + 1